b. Suppose q = -2*o + 6*o + 9, -5*o = -b*q. Let p = 0 - q. What is the units digit of p?
3
Let s = 48 + -44. Let g(q) = q**3 - q. Let h(a) = -3*a**3 + 6*a**2 - 3*a - 3. Let c(j) = 2*g(j) + h(j). What is the units digit of c(s)?
9
Let w(z) = z - 6. Let k be w(6). Let p = k - -1. What is the units digit of (0 + 24/3)/p?
8
Let a(m) be the second derivative of -3/4*m**4 + m**2 - 2*m + 0*m**3 - 1/20*m**5 + 0. What is the units digit of a(-9)?
2
Suppose -8*u - 90 = -10*u. What is the tens digit of u?
4
Suppose -3*v = -y + 37, 4 = -3*v + 4*y - 45. Suppose -145 = -5*u - 45. What is the units digit of 2/11 - u/v?
2
Let v be (-12)/(-10)*20/(-6). Let n = -2 - v. Suppose n*i - 14 = -0*i. What is the units digit of i?
7
Suppose 4 = y, d + 6*y - 269 = 2*y. What is the units digit of d?
3
What is the units digit of (30/(-7))/(3/(-21))?
0
Suppose 480 + 80 = 5*a. What is the units digit of a?
2
Suppose -2*l - 4 = -a + 10, 2*a = -5*l + 28. Let y = -2 + a. What is the tens digit of y?
1
Let m(z) be the second derivative of 0 - 1/12*z**4 + 7/2*z**2 + 3*z - z**3. What is the units digit of m(-6)?
7
Let t = -21 - -56. What is the units digit of t?
5
Let n(x) = 2*x**2 + 8*x + 3. Let p(y) = -y**2. Let f(u) = -n(u) - 3*p(u). Suppose 5*h - 34 = 2*h + 4*d, -4*d - 4 = 0. What is the tens digit of f(h)?
1
Let u(q) = 3*q - 6. Let v = -4 + 9. Suppose x - 2*x + 14 = 3*y, -3*y = v*x - 22. What is the units digit of u(y)?
6
Let v = 86 - 59. What is the units digit of v?
7
Let y(x) = -x**3 + 5*x**2 - 2*x. What is the units digit of y(4)?
8
Let f be -1*6 + (2 - 3). What is the units digit of (12/(-7))/1*f?
2
Let x(p) = -p**2 - 2*p - 3. Let w be x(-4). Suppose -3*j - 64 = j. Let b = w - j. What is the units digit of b?
5
Let l be 340/35 - 2/(-7). Let w(o) = -o**3 + 11*o**2 - 8*o - 14. What is the units digit of w(l)?
6
Suppose z + 5 = -2*z + k, -2 = -z + 4*k. Let j(i) = -2*i**3 + 3*i**2 + 4*i + 2. What is the tens digit of j(z)?
2
Suppose 2*g + 142 = 5*s, -2*s = s + 4*g - 106. What is the units digit of s?
0
Suppose 4*s - s = 0. Suppose s = -5*a + a + 12. What is the tens digit of (-10 - 4)*(2 - a)?
1
Let j(q) = 15*q. Let n be j(-1). Let f = n + 32. What is the tens digit of f?
1
Let a = -129 + 221. What is the tens digit of a?
9
Let j(z) = 2*z + 5. What is the units digit of j(3)?
1
Suppose -37 - 25 = -2*k. What is the units digit of k?
1
Let s be ((0 - 1)*-1)/(-1). Let h = 2 - s. Suppose h*x - 12 = -0*x. What is the units digit of x?
4
Let f be 4/(-3)*(-6)/4. Suppose 0 = -m + f*m + 2. Let u = m + 6. What is the units digit of u?
4
Let b = 17 + -21. Let g = 3 + -12. Let j = b - g. What is the units digit of j?
5
Let q be 144/(-14) - 2/(-7). Let a = 38 + -47. Let t = a - q. What is the units digit of t?
1
Let z be 2/(-9) - 11/(-9). Let w = 22 + -16. Let r = z + w. What is the units digit of r?
7
Suppose v = 5*v + 40. Let k = v + 13. What is the units digit of k?
3
Suppose 5*j + 16 - 42 = 4*i, -4*j - 5*i = 12. Suppose 4 = -j*u + 32. What is the tens digit of u?
1
Suppose -9 + 27 = 6*z. Suppose -4*o - z = -3*o, 5*o = 4*l - 103. What is the tens digit of l?
2
Let f(k) = -k**2 - 6*k - 4. Let h(b) = -6*b**2 - 31*b - 21. Let u(q) = 11*f(q) - 2*h(q). Let m be u(5). Suppose -32 = -m*a + 16. What is the units digit of a?
6
Suppose -2*o - 3*m + 61 + 26 = 0, -m + 5 = 0. What is the tens digit of o?
3
Let n = 15 - 10. Suppose 36 = -n*x + o - 7, -3*x - 5*o = 37. What is the tens digit of x/(-12)*(-48)/(-2)?
1
Let f = 2 - 2. Suppose -z = -0 - 35. Suppose -4*p - p + z = f. What is the units digit of p?
7
Let d = -107 + 298. What is the tens digit of d?
9
Let j = 2 + 1. Suppose -4*g + 28 = -24. Suppose -j*x + g = -2. What is the units digit of x?
5
Suppose -2*i = -53 + 1. What is the tens digit of i?
2
Let s = -5 - -7. Suppose 0 = -4*n + s*n. Suppose -q - 3 + 4 = n. What is the units digit of q?
1
Let l be -2 + 4 + (-4)/2. Suppose -3*k + l*k + 12 = 0. What is the units digit of k?
4
Let f be 25/(-2) - 1/2. Let d = 22 + f. What is the units digit of d?
9
Let s(u) = 2*u**2 + u. Let k be s(1). Suppose 0 = o + 1 - k. What is the units digit of o?
2
Let l(y) = y + 2. Let o be l(7). Suppose -3 - o = -4*z. What is the units digit of z?
3
Let s(w) = -29*w**3 + 2*w**2 + 2*w + 1. Let g be s(-1). Suppose 5*f + 0*f = g. What is the units digit of f?
6
Suppose 0 = -3*s - 2*b + 42 + 80, -b = -5*s + 186. What is the units digit of s?
8
Let l = 19 - 1. Let x be 9/l*(15 + -1). Suppose -60 = -5*p + 5*z, -z = 3*p - x*p + 48. What is the tens digit of p?
1
Let g(a) = 9*a**2 - 4*a + 2. Suppose s = 3*v - 3, -2*v + s = -7*v + 13. What is the units digit of g(v)?
0
Let p = 131 + -48. What is the units digit of p?
3
Suppose 4*y + 0*u = -u + 2, -3*y - 5*u - 7 = 0. What is the tens digit of (1 - 0)/(y/57)?
5
Suppose -3*p + 4*j - 90 = -5*p, -3*j = -4*p + 213. What is the units digit of p?
1
Let u be 5*(1 + (-6)/15). Suppose -u = a - 4*n - 23, -3*a - 8 = 5*n. What is the units digit of a?
4
Let j(h) = 2*h + 1. Let t be j(5). Let q be (-2)/t - 194/22. Let c = q + 16. What is the units digit of c?
7
Let o(c) = -c**3 + 3*c**2 + 5*c + 3. Let q = -1 - -5. What is the units digit of o(q)?
7
Let j(g) = g**3 - 5*g**2 + 6*g - 3. Let q be j(4). Suppose -2*z + q = p, 3*p = -4*z + 5 + 2. What is the units digit of (-6)/z*12/(-9)?
2
Let m = -2 - -7. Suppose m*y - 102 = h - 5*h, 5*h = 2*y + 144. What is the tens digit of h?
2
Suppose 2*s - u = 3*s - 86, s = -5*u + 106. What is the tens digit of s?
8
Let j(a) = -2*a**2 + 8*a - 8. Let k be j(6). What is the tens digit of k/(-2 + 3 + -3)?
1
Let p(u) = 2*u**3 - 13*u + 14. What is the tens digit of p(4)?
9
Let s(z) = 34*z**2 + 3*z - 2. Let a be s(1). Suppose a = 4*y - 73. What is the tens digit of y?
2
Suppose -5*w - 60 = -0*w. Let m = -1 - w. What is the tens digit of m?
1
Let x(o) = -o**2 - o - 3. Let n be x(0). Let c = -1 - n. What is the units digit of c?
2
Suppose 378 = 4*k + 114. What is the units digit of k?
6
Let x(v) = 4*v + 30. What is the units digit of x(13)?
2
Let t(s) = 5*s**3 + 5*s**2 - s + 4. What is the hundreds digit of t(3)?
1
Let g(p) = p - 2. Let j be g(6). Suppose w = 4*w - 2*s - 86, 0 = -s - 1. Suppose -4*d = -5*o + w, 6 = -j*d - 2. What is the units digit of o?
4
Suppose -2*i - g + 16 = 0, 0*i - 4*g - 6 = -2*i. What is the units digit of i?
7
Let g(j) = j**3 - 4*j**2 - 7*j - 8. Let q be g(6). Suppose 0 = 2*c - 0*c - 4*k + 8, 0 = -5*c - 4*k + q. Suppose -u + c = -4. What is the units digit of u?
6
Suppose -6 = -5*q + 2*q. Suppose q*f = 4*f + c - 31, -5*f = 5*c - 80. What is the units digit of f?
5
Let z = -32 + 65. What is the units digit of z?
3
Suppose -2*t + 1 = h - 2, 12 = 3*t - h. Suppose -4*r = v - 2 + 5, 3 = -t*r. What is the units digit of v?
1
Suppose -3*l + 38 + 19 = 0. What is the units digit of l?
9
Suppose -40 - 23 = -3*c. What is the units digit of c?
1
Suppose -6*s + 63 = -399. What is the tens digit of s?
7
Let d(a) be the second derivative of 41*a**3/6 + a**2/2 - 6*a. What is the units digit of d(1)?
2
Let w(f) = -f**3 - 7*f**2 + 5*f + 24. What is the tens digit of w(-8)?
4
Let w = 504 + -273. What is the hundreds digit of w?
2
Let j be (-4)/(-10) - (-13)/5. Suppose -2*h - 2*g = 3*h - 24, 3*g + 27 = j*h. What is the units digit of h?
6
Suppose -6 = -m + 6. Let c be 88/m + 2/(-6). Suppose -4*o = -4*w + 28, -2*o = -4*w + c + 15. What is the units digit of w?
4
Let j be (1/3)/(5/120). Suppose 6*y - j = 2*y. What is the units digit of y?
2
Let t(a) be the first derivative of a**3/3 - 3*a**2/2 - a - 1. Let u be t(4). Suppose -h - u*m - m = -6, -5*h = 4*m - 14. What is the units digit of h?
2
Let r(z) = z**3 - 13*z**2 + 15. What is the tens digit of r(13)?
1
Let g(a) = a**2 + 3*a - 3. Let d be 0 + 1 - (-42)/(-6). What is the units digit of g(d)?
5
Suppose i = 2 - 5, -i - 100 = -x. What is the units digit of x?
7
Let x(t) = 0*t**2 + 1 + 2 - 4 + 6*t + 4*t**2 - t**3. Let p be x(5). Suppose 3*h - 4*z - 21 = 0, p*h - 27 = -2*z + 23. What is the units digit of h?
1
Let t(c) = 5 - 5 - 6*c + 1 - 2*c. What is the tens digit of t(-2)?
1
Let t(l) = -6*l**2 - l. Let y be t(1). Let s = y - -13. Let v = s + -2. What is the units digit of v?
4
Let s(m) = 6*m**2 + 2 + 9*m - 12 - 4*m**2 - m**3 + 4*m**2. Let o be 14/(-4)*1*-2. What is the units digit of s(o)?
4
Let z(t) b